{"id":1504,"date":"2018-11-27T23:06:10","date_gmt":"2018-11-27T22:06:10","guid":{"rendered":"http:\/\/www.celiacaturelli.de\/portfolio-item\/la-ultima-camisa-no-tiene-bolsillos\/"},"modified":"2018-11-27T23:06:12","modified_gmt":"2018-11-27T22:06:12","slug":"la-ultima-camisa-no-tiene-bolsillos","status":"publish","type":"portfolio","link":"https:\/\/www.celiacaturelli.de\/es\/portfolio-item\/la-ultima-camisa-no-tiene-bolsillos\/","title":{"rendered":"La \u00faltima camisa no tiene bolsillos"},"content":{"rendered":"<div class=\"flex_column av_one_full  flex_column_div av-zero-column-padding first  \" style='border-radius:0px; '><section class=\"av_textblock_section \"  itemscope=\"itemscope\" itemtype=\"https:\/\/schema.org\/CreativeWork\" ><div class='avia_textblock  '   itemprop=\"text\" ><p><strong>La \u00faltima camisa no tiene bolsillos (2003)<\/strong><\/p>\n<p>\u00abLa \u00faltima camisa no tiene bolsillos\u00bb fu\u00e9 una reflexi\u00f3n sobre la perdidad de la tierra natal como consecuencia de la violencia. El proyecto comenz\u00f3 con un an\u00e1lisis de la relaci\u00f3n de poder entre centro y periferia en las dos ciudades colombianas y se concret\u00f3 \u201ein situ\u201c. De esta manera el trabajo se convirti\u00f3 en una respuesta directa e inmediata a la realidad pol\u00edtica y social de Bogot\u00e1 y Cartagena.<\/p>\n<\/div><\/section><\/div>\n<div style='height:100px' class='hr hr-invisible  '><span class='hr-inner ' ><span class='hr-inner-style'><\/span><\/span><\/div>\n<div class=\"flex_column av_one_half  av-animated-generic fade-in  flex_column_div av-zero-column-padding first   \" style='border-radius:0px 50px 0px 0px ; '><div class='av-horizontal-gallery av-horizontal-gallery-large-gap av-horizontal-gallery--effect av-horizontal-gallery-1   av-control-default '  itemprop=\"ImageObject\" itemscope=\"itemscope\" itemtype=\"https:\/\/schema.org\/ImageObject\"   data-av-initial='1' ><div class='avia-slideshow-arrows avia-slideshow-controls'><a href='#prev' class='prev-slide av-horizontal-gallery-prev' aria-hidden='true' data-av_icon='\ue87c' data-av_iconfont='entypo-fontello'>Anterior<\/a><a href='#next' class='next-slide av-horizontal-gallery-next' aria-hidden='true' data-av_icon='\ue87d' data-av_iconfont='entypo-fontello'>Posterior<\/a><\/div><div class='av-horizontal-gallery-inner' style='padding-bottom:50%' data-av-height='50'><div class='av-horizontal-gallery-slider'><div class='av-horizontal-gallery-wrap noHover'><img class='av-horizontal-gallery-img' width='700' height='511' src='https:\/\/www.celiacaturelli.de\/wp-content\/uploads\/2018\/08\/camisa_bogota-caturelli-01.jpg' title='camisa_bogota-caturelli-01' alt='' \/><a href='https:\/\/www.celiacaturelli.de\/wp-content\/uploads\/2018\/08\/camisa_bogota-caturelli-01.jpg'  class='av-horizontal-gallery-link' aria-hidden='true' data-av_icon='\ue869' data-av_iconfont='entypo-fontello' title=''><\/a><\/div><div class='av-horizontal-gallery-wrap noHover'><img class='av-horizontal-gallery-img' width='700' height='511' src='https:\/\/www.celiacaturelli.de\/wp-content\/uploads\/2018\/08\/camisa_bogota-caturelli-02.jpg' title='camisa_bogota-caturelli-02' alt='' \/><a href='https:\/\/www.celiacaturelli.de\/wp-content\/uploads\/2018\/08\/camisa_bogota-caturelli-02.jpg'  class='av-horizontal-gallery-link' aria-hidden='true' data-av_icon='\ue869' data-av_iconfont='entypo-fontello' title=''><\/a><\/div><div class='av-horizontal-gallery-wrap noHover'><img class='av-horizontal-gallery-img' width='700' height='525' src='https:\/\/www.celiacaturelli.de\/wp-content\/uploads\/2018\/08\/camisa_bogota-caturelli-03.jpg' title='camisa_bogota-caturelli-03' alt='' \/><a href='https:\/\/www.celiacaturelli.de\/wp-content\/uploads\/2018\/08\/camisa_bogota-caturelli-03.jpg'  class='av-horizontal-gallery-link' aria-hidden='true' data-av_icon='\ue869' data-av_iconfont='entypo-fontello' title=''><\/a><\/div><div class='av-horizontal-gallery-wrap noHover'><img class='av-horizontal-gallery-img' width='700' height='525' src='https:\/\/www.celiacaturelli.de\/wp-content\/uploads\/2018\/08\/camisa_bogota-caturelli-04.jpg' title='camisa_bogota-caturelli-04' alt='' \/><a href='https:\/\/www.celiacaturelli.de\/wp-content\/uploads\/2018\/08\/camisa_bogota-caturelli-04.jpg'  class='av-horizontal-gallery-link' aria-hidden='true' data-av_icon='\ue869' data-av_iconfont='entypo-fontello' title=''><\/a><\/div><div class='av-horizontal-gallery-wrap noHover'><img class='av-horizontal-gallery-img' width='700' height='525' src='https:\/\/www.celiacaturelli.de\/wp-content\/uploads\/2018\/08\/camisa_bogota-caturelli-05.jpg' title='camisa_bogota-caturelli-05' alt='' \/><a href='https:\/\/www.celiacaturelli.de\/wp-content\/uploads\/2018\/08\/camisa_bogota-caturelli-05.jpg'  class='av-horizontal-gallery-link' aria-hidden='true' data-av_icon='\ue869' data-av_iconfont='entypo-fontello' title=''><\/a><\/div><div class='av-horizontal-gallery-wrap noHover'><img class='av-horizontal-gallery-img' width='700' height='525' src='https:\/\/www.celiacaturelli.de\/wp-content\/uploads\/2018\/08\/camisa_bogota-caturelli-06.jpg' title='camisa_bogota-caturelli-06' alt='' \/><a href='https:\/\/www.celiacaturelli.de\/wp-content\/uploads\/2018\/08\/camisa_bogota-caturelli-06.jpg'  class='av-horizontal-gallery-link' aria-hidden='true' data-av_icon='\ue869' data-av_iconfont='entypo-fontello' title=''><\/a><\/div><div class='av-horizontal-gallery-wrap noHover'><img class='av-horizontal-gallery-img' width='600' height='800' src='https:\/\/www.celiacaturelli.de\/wp-content\/uploads\/2018\/08\/camisa_bogota-caturelli-07.jpg' title='camisa_bogota-caturelli-07' alt='' \/><a href='https:\/\/www.celiacaturelli.de\/wp-content\/uploads\/2018\/08\/camisa_bogota-caturelli-07.jpg'  class='av-horizontal-gallery-link' aria-hidden='true' data-av_icon='\ue869' data-av_iconfont='entypo-fontello' title=''><\/a><\/div><div class='av-horizontal-gallery-wrap noHover'><img class='av-horizontal-gallery-img' width='600' height='800' src='https:\/\/www.celiacaturelli.de\/wp-content\/uploads\/2018\/08\/camisa_bogota-caturelli-08.jpg' title='camisa_bogota-caturelli-08' alt='' \/><a href='https:\/\/www.celiacaturelli.de\/wp-content\/uploads\/2018\/08\/camisa_bogota-caturelli-08.jpg'  class='av-horizontal-gallery-link' aria-hidden='true' data-av_icon='\ue869' data-av_iconfont='entypo-fontello' title=''><\/a><\/div><div class='av-horizontal-gallery-wrap noHover'><img class='av-horizontal-gallery-img' width='700' height='525' src='https:\/\/www.celiacaturelli.de\/wp-content\/uploads\/2018\/08\/camisa_bogota-caturelli-09.jpg' title='camisa_bogota-caturelli-09' alt='' \/><a href='https:\/\/www.celiacaturelli.de\/wp-content\/uploads\/2018\/08\/camisa_bogota-caturelli-09.jpg'  class='av-horizontal-gallery-link' aria-hidden='true' data-av_icon='\ue869' data-av_iconfont='entypo-fontello' title=''><\/a><\/div><div class='av-horizontal-gallery-wrap noHover'><img class='av-horizontal-gallery-img' width='700' height='525' src='https:\/\/www.celiacaturelli.de\/wp-content\/uploads\/2018\/08\/camisa_bogota-caturelli-10.jpg' title='camisa_bogota-caturelli-10' alt='' \/><a href='https:\/\/www.celiacaturelli.de\/wp-content\/uploads\/2018\/08\/camisa_bogota-caturelli-10.jpg'  class='av-horizontal-gallery-link' aria-hidden='true' data-av_icon='\ue869' data-av_iconfont='entypo-fontello' title=''><\/a><\/div><div class='av-horizontal-gallery-wrap noHover'><img class='av-horizontal-gallery-img' width='700' height='525' src='https:\/\/www.celiacaturelli.de\/wp-content\/uploads\/2018\/08\/camisa_bogota-caturelli-11.jpg' title='camisa_bogota-caturelli-11' alt='' \/><a href='https:\/\/www.celiacaturelli.de\/wp-content\/uploads\/2018\/08\/camisa_bogota-caturelli-11.jpg'  class='av-horizontal-gallery-link' aria-hidden='true' data-av_icon='\ue869' data-av_iconfont='entypo-fontello' title=''><\/a><\/div><div class='av-horizontal-gallery-wrap noHover'><img class='av-horizontal-gallery-img' width='700' height='525' src='https:\/\/www.celiacaturelli.de\/wp-content\/uploads\/2018\/08\/camisa_bogota-caturelli-12.jpg' title='camisa_bogota-caturelli-12' alt='' \/><a href='https:\/\/www.celiacaturelli.de\/wp-content\/uploads\/2018\/08\/camisa_bogota-caturelli-12.jpg'  class='av-horizontal-gallery-link' aria-hidden='true' data-av_icon='\ue869' data-av_iconfont='entypo-fontello' title=''><\/a><\/div><\/div><\/div><\/div><\/div>\n<div class=\"flex_column av_one_third  av-animated-generic fade-in  flex_column_div av-zero-column-padding    \" style='border-radius:0px; '><p><div style='padding-bottom:10px; ' class='av-special-heading av-special-heading-h4  blockquote modern-quote   '><h4 class='av-special-heading-tag '  itemprop=\"headline\"  >La \u00faltima camisa no tiene bolsillos<\/h4><div class='special-heading-border'><div class='special-heading-inner-border' ><\/div><\/div><\/div><br \/>\n<section class=\"av_textblock_section \"  itemscope=\"itemscope\" itemtype=\"https:\/\/schema.org\/CreativeWork\" ><div class='avia_textblock  '   itemprop=\"text\" ><h6>Academia Superior de Artes de Bogot\u00e1, ASAB, Bogot\u00e1<br \/>\nCentro de Investigaciones Alejandro Obreg\u00f3n<br \/>\nMuseo de Arte Moderno de Cartagena, Cartagena<\/h6>\n<h6>Colombia, Septiembre 2003<\/h6>\n<h6>Patrocinado por\u00a0<a class=\"link\" href=\"http:\/\/xn--gefrdet%20durch%20die-jec\/\" target=\"_blank\" rel=\"noopener\">Ifa, Instituto de Relaciones Exteriores,<\/a>\u00a0Alemania.<\/h6>\n<\/div><\/section><\/p><\/div>\n<div style='height:100px' class='hr hr-invisible  '><span class='hr-inner ' ><span class='hr-inner-style'><\/span><\/span><\/div>\n<div class=\"flex_column av_one_half  av-animated-generic fade-in  flex_column_div av-zero-column-padding first   \" style='border-radius:0px; '><div class='avia-video avia-video-16-9   av-lazyload-immediate  av-lazyload-video-embed  '   itemprop=\"video\" itemtype=\"https:\/\/schema.org\/VideoObject\"  data-original_url='https:\/\/vimeo.com\/25232967' ><script type='text\/html' class='av-video-tmpl'><div class='avia-iframe-wrap'><iframe loading=\"lazy\" src=\"https:\/\/player.vimeo.com\/video\/25232967?app_id=122963\" width=\"640\" height=\"424\" frameborder=\"0\" title=\"La &uacute;ltima camisa no tiene bolsillos (Das letze Hemd hat keine Taschen)\" allow=\"autoplay; fullscreen\" allowfullscreen><\/iframe><\/div><\/script><div class='av-click-to-play-overlay'><div class=\"avia_playpause_icon\"><\/div><\/div><\/div><\/div>\n<div class=\"flex_column av_one_third  av-animated-generic fade-in  flex_column_div av-zero-column-padding    \" style='border-radius:0px; '><p><div style='padding-bottom:10px; ' class='av-special-heading av-special-heading-h4  blockquote modern-quote   '><h4 class='av-special-heading-tag '  itemprop=\"headline\"  >La \u00faltima camisa no tiene bolsillos<\/h4><div class='special-heading-border'><div class='special-heading-inner-border' ><\/div><\/div><\/div><br \/>\n<section class=\"av_textblock_section \"  itemscope=\"itemscope\" itemtype=\"https:\/\/schema.org\/CreativeWork\" ><div class='avia_textblock  '   itemprop=\"text\" ><h6>Buch und Regie: Celia Caturelli<br \/>\nEdici\u00f3n: H\u00e9ctor Navarrete<br \/>\nC\u00e1mara: Vanessa Goschk, Jos\u00e9 Luis Rivera Posso, Herbert Araque<br \/>\n2003<\/h6>\n<\/div><\/section><\/p><\/div><\/div><\/div><\/div><!-- close content main div --><\/div><\/div><div id='av_section_1' class='avia-section main_color avia-section-default avia-no-border-styling avia-bg-style-scroll    av-minimum-height av-minimum-height-25 container_wrap sidebar_right' style=' '   style=' ' ><div class='container' ><div class='template-page content  av-content-small alpha units'><div class='post-entry post-entry-type-page post-entry-1504'><div class='entry-content-wrapper clearfix'><\/div><\/div><\/div><!-- close content main div --><\/div><\/div><div id='after_section_1' class='main_color av_default_container_wrap container_wrap sidebar_right' style=' '   style=' ' ><div class='container' ><div class='template-page content  av-content-small alpha units'><div class='post-entry post-entry-type-page post-entry-1504'><div class='entry-content-wrapper clearfix'><\/p>\n","protected":false},"excerpt":{"rendered":"","protected":false},"featured_media":0,"comment_status":"closed","ping_status":"closed","template":"","tags":[22,23],"class_list":["post-1504","portfolio","type-portfolio","status-publish","hentry","tag-espaniol","tag-proyectos","portfolio_entries-ausstellung","portfolio_entries-proyectos"],"_links":{"self":[{"href":"https:\/\/www.celiacaturelli.de\/es\/wp-json\/wp\/v2\/portfolio\/1504","targetHints":{"allow":["GET"]}}],"collection":[{"href":"https:\/\/www.celiacaturelli.de\/es\/wp-json\/wp\/v2\/portfolio"}],"about":[{"href":"https:\/\/www.celiacaturelli.de\/es\/wp-json\/wp\/v2\/types\/portfolio"}],"replies":[{"embeddable":true,"href":"https:\/\/www.celiacaturelli.de\/es\/wp-json\/wp\/v2\/comments?post=1504"}],"wp:attachment":[{"href":"https:\/\/www.celiacaturelli.de\/es\/wp-json\/wp\/v2\/media?parent=1504"}],"wp:term":[{"taxonomy":"post_tag","embeddable":true,"href":"https:\/\/www.celiacaturelli.de\/es\/wp-json\/wp\/v2\/tags?post=1504"}],"curies":[{"name":"wp","href":"https:\/\/api.w.org\/{rel}","templated":true}]}}

La última camisa no tiene bolsillos

<div class="flex_column av_one_full  flex_column_div av-zero-column-padding first  " style='border-radius:0px; '><section class="av_textblock_section "  itemscope="itemscope" itemtype="https://schema.org/CreativeWork" ><div class='avia_textblock  '   itemprop="text" ><p><strong>La última camisa no tiene bolsillos (2003)</strong></p>
<p>«La última camisa no tiene bolsillos» fué una reflexión sobre la perdidad de la tierra natal como consecuencia de la violencia. El proyecto comenzó con un análisis de la relación de poder entre centro y periferia en las dos ciudades colombianas y se concretó „in situ“. De esta manera el trabajo se convirtió en una respuesta directa e inmediata a la realidad política y social de Bogotá y Cartagena.</p>
</div></section></div>
<div style='height:100px' class='hr hr-invisible  '><span class='hr-inner ' ><span class='hr-inner-style'></span></span></div>
<div class="flex_column av_one_half  av-animated-generic fade-in  flex_column_div av-zero-column-padding first   " style='border-radius:0px 50px 0px 0px ; '><div class='av-horizontal-gallery av-horizontal-gallery-large-gap av-horizontal-gallery--effect av-horizontal-gallery-1   av-control-default '  itemprop="ImageObject" itemscope="itemscope" itemtype="https://schema.org/ImageObject"   data-av-initial='1' ><div class='avia-slideshow-arrows avia-slideshow-controls'><a href='#prev' class='prev-slide av-horizontal-gallery-prev' aria-hidden='true' data-av_icon='' data-av_iconfont='entypo-fontello'>Anterior</a><a href='#next' class='next-slide av-horizontal-gallery-next' aria-hidden='true' data-av_icon='' data-av_iconfont='entypo-fontello'>Posterior</a></div><div class='av-horizontal-gallery-inner' style='padding-bottom:50%' data-av-height='50'><div class='av-horizontal-gallery-slider'><div class='av-horizontal-gallery-wrap noHover'><img class='av-horizontal-gallery-img' width='700' height='511' src='https://www.celiacaturelli.de/wp-content/uploads/2018/08/camisa_bogota-caturelli-01.jpg' title='camisa_bogota-caturelli-01' alt='' /><a href='https://www.celiacaturelli.de/wp-content/uploads/2018/08/camisa_bogota-caturelli-01.jpg'  class='av-horizontal-gallery-link' aria-hidden='true' data-av_icon='' data-av_iconfont='entypo-fontello' title=''></a></div><div class='av-horizontal-gallery-wrap noHover'><img class='av-horizontal-gallery-img' width='700' height='511' src='https://www.celiacaturelli.de/wp-content/uploads/2018/08/camisa_bogota-caturelli-02.jpg' title='camisa_bogota-caturelli-02' alt='' /><a href='https://www.celiacaturelli.de/wp-content/uploads/2018/08/camisa_bogota-caturelli-02.jpg'  class='av-horizontal-gallery-link' aria-hidden='true' data-av_icon='' data-av_iconfont='entypo-fontello' title=''></a></div><div class='av-horizontal-gallery-wrap noHover'><img class='av-horizontal-gallery-img' width='700' height='525' src='https://www.celiacaturelli.de/wp-content/uploads/2018/08/camisa_bogota-caturelli-03.jpg' title='camisa_bogota-caturelli-03' alt='' /><a href='https://www.celiacaturelli.de/wp-content/uploads/2018/08/camisa_bogota-caturelli-03.jpg'  class='av-horizontal-gallery-link' aria-hidden='true' data-av_icon='' data-av_iconfont='entypo-fontello' title=''></a></div><div class='av-horizontal-gallery-wrap noHover'><img class='av-horizontal-gallery-img' width='700' height='525' src='https://www.celiacaturelli.de/wp-content/uploads/2018/08/camisa_bogota-caturelli-04.jpg' title='camisa_bogota-caturelli-04' alt='' /><a href='https://www.celiacaturelli.de/wp-content/uploads/2018/08/camisa_bogota-caturelli-04.jpg'  class='av-horizontal-gallery-link' aria-hidden='true' data-av_icon='' data-av_iconfont='entypo-fontello' title=''></a></div><div class='av-horizontal-gallery-wrap noHover'><img class='av-horizontal-gallery-img' width='700' height='525' src='https://www.celiacaturelli.de/wp-content/uploads/2018/08/camisa_bogota-caturelli-05.jpg' title='camisa_bogota-caturelli-05' alt='' /><a href='https://www.celiacaturelli.de/wp-content/uploads/2018/08/camisa_bogota-caturelli-05.jpg'  class='av-horizontal-gallery-link' aria-hidden='true' data-av_icon='' data-av_iconfont='entypo-fontello' title=''></a></div><div class='av-horizontal-gallery-wrap noHover'><img class='av-horizontal-gallery-img' width='700' height='525' src='https://www.celiacaturelli.de/wp-content/uploads/2018/08/camisa_bogota-caturelli-06.jpg' title='camisa_bogota-caturelli-06' alt='' /><a href='https://www.celiacaturelli.de/wp-content/uploads/2018/08/camisa_bogota-caturelli-06.jpg'  class='av-horizontal-gallery-link' aria-hidden='true' data-av_icon='' data-av_iconfont='entypo-fontello' title=''></a></div><div class='av-horizontal-gallery-wrap noHover'><img class='av-horizontal-gallery-img' width='600' height='800' src='https://www.celiacaturelli.de/wp-content/uploads/2018/08/camisa_bogota-caturelli-07.jpg' title='camisa_bogota-caturelli-07' alt='' /><a href='https://www.celiacaturelli.de/wp-content/uploads/2018/08/camisa_bogota-caturelli-07.jpg'  class='av-horizontal-gallery-link' aria-hidden='true' data-av_icon='' data-av_iconfont='entypo-fontello' title=''></a></div><div class='av-horizontal-gallery-wrap noHover'><img class='av-horizontal-gallery-img' width='600' height='800' src='https://www.celiacaturelli.de/wp-content/uploads/2018/08/camisa_bogota-caturelli-08.jpg' title='camisa_bogota-caturelli-08' alt='' /><a href='https://www.celiacaturelli.de/wp-content/uploads/2018/08/camisa_bogota-caturelli-08.jpg'  class='av-horizontal-gallery-link' aria-hidden='true' data-av_icon='' data-av_iconfont='entypo-fontello' title=''></a></div><div class='av-horizontal-gallery-wrap noHover'><img class='av-horizontal-gallery-img' width='700' height='525' src='https://www.celiacaturelli.de/wp-content/uploads/2018/08/camisa_bogota-caturelli-09.jpg' title='camisa_bogota-caturelli-09' alt='' /><a href='https://www.celiacaturelli.de/wp-content/uploads/2018/08/camisa_bogota-caturelli-09.jpg'  class='av-horizontal-gallery-link' aria-hidden='true' data-av_icon='' data-av_iconfont='entypo-fontello' title=''></a></div><div class='av-horizontal-gallery-wrap noHover'><img class='av-horizontal-gallery-img' width='700' height='525' src='https://www.celiacaturelli.de/wp-content/uploads/2018/08/camisa_bogota-caturelli-10.jpg' title='camisa_bogota-caturelli-10' alt='' /><a href='https://www.celiacaturelli.de/wp-content/uploads/2018/08/camisa_bogota-caturelli-10.jpg'  class='av-horizontal-gallery-link' aria-hidden='true' data-av_icon='' data-av_iconfont='entypo-fontello' title=''></a></div><div class='av-horizontal-gallery-wrap noHover'><img class='av-horizontal-gallery-img' width='700' height='525' src='https://www.celiacaturelli.de/wp-content/uploads/2018/08/camisa_bogota-caturelli-11.jpg' title='camisa_bogota-caturelli-11' alt='' /><a href='https://www.celiacaturelli.de/wp-content/uploads/2018/08/camisa_bogota-caturelli-11.jpg'  class='av-horizontal-gallery-link' aria-hidden='true' data-av_icon='' data-av_iconfont='entypo-fontello' title=''></a></div><div class='av-horizontal-gallery-wrap noHover'><img class='av-horizontal-gallery-img' width='700' height='525' src='https://www.celiacaturelli.de/wp-content/uploads/2018/08/camisa_bogota-caturelli-12.jpg' title='camisa_bogota-caturelli-12' alt='' /><a href='https://www.celiacaturelli.de/wp-content/uploads/2018/08/camisa_bogota-caturelli-12.jpg'  class='av-horizontal-gallery-link' aria-hidden='true' data-av_icon='' data-av_iconfont='entypo-fontello' title=''></a></div></div></div></div></div>
<div class="flex_column av_one_third  av-animated-generic fade-in  flex_column_div av-zero-column-padding    " style='border-radius:0px; '><p><div style='padding-bottom:10px; ' class='av-special-heading av-special-heading-h4  blockquote modern-quote   '><h4 class='av-special-heading-tag '  itemprop="headline"  >La última camisa no tiene bolsillos</h4><div class='special-heading-border'><div class='special-heading-inner-border' ></div></div></div><br />
<section class="av_textblock_section "  itemscope="itemscope" itemtype="https://schema.org/CreativeWork" ><div class='avia_textblock  '   itemprop="text" ><h6>Academia Superior de Artes de Bogotá, ASAB, Bogotá<br />
Centro de Investigaciones Alejandro Obregón<br />
Museo de Arte Moderno de Cartagena, Cartagena</h6>
<h6>Colombia, Septiembre 2003</h6>
<h6>Patrocinado por <a class="link" href="http://xn--gefrdet%20durch%20die-jec/" target="_blank" rel="noopener">Ifa, Instituto de Relaciones Exteriores,</a> Alemania.</h6>
</div></section></p></div>
<div style='height:100px' class='hr hr-invisible  '><span class='hr-inner ' ><span class='hr-inner-style'></span></span></div>
<div class="flex_column av_one_half  av-animated-generic fade-in  flex_column_div av-zero-column-padding first   " style='border-radius:0px; '><div class='avia-video avia-video-16-9   av-lazyload-immediate  av-lazyload-video-embed  '   itemprop="video" itemtype="https://schema.org/VideoObject"  data-original_url='https://vimeo.com/25232967' ><script type='text/html' class='av-video-tmpl'><div class='avia-iframe-wrap'><iframe loading="lazy" src="https://player.vimeo.com/video/25232967?app_id=122963" width="640" height="424" frameborder="0" title="La &uacute;ltima camisa no tiene bolsillos (Das letze Hemd hat keine Taschen)" allow="autoplay; fullscreen" allowfullscreen></iframe></div></script><div class='av-click-to-play-overlay'><div class="avia_playpause_icon"></div></div></div></div>
<div class="flex_column av_one_third  av-animated-generic fade-in  flex_column_div av-zero-column-padding    " style='border-radius:0px; '><p><div style='padding-bottom:10px; ' class='av-special-heading av-special-heading-h4  blockquote modern-quote   '><h4 class='av-special-heading-tag '  itemprop="headline"  >La última camisa no tiene bolsillos</h4><div class='special-heading-border'><div class='special-heading-inner-border' ></div></div></div><br />
<section class="av_textblock_section "  itemscope="itemscope" itemtype="https://schema.org/CreativeWork" ><div class='avia_textblock  '   itemprop="text" ><h6>Buch und Regie: Celia Caturelli<br />
Edición: Héctor Navarrete<br />
Cámara: Vanessa Goschk, José Luis Rivera Posso, Herbert Araque<br />
2003</h6>
</div></section></p></div></div></div></div><!-- close content main div --></div></div><div id='av_section_1' class='avia-section main_color avia-section-default avia-no-border-styling avia-bg-style-scroll    av-minimum-height av-minimum-height-25 container_wrap sidebar_right' style=' '   style=' ' ><div class='container' ><div class='template-page content  av-content-small alpha units'><div class='post-entry post-entry-type-page post-entry-1504'><div class='entry-content-wrapper clearfix'></div></div></div><!-- close content main div --></div></div><div id='after_section_1' class='main_color av_default_container_wrap container_wrap sidebar_right' style=' '   style=' ' ><div class='container' ><div class='template-page content  av-content-small alpha units'><div class='post-entry post-entry-type-page post-entry-1504'><div class='entry-content-wrapper clearfix'></p>
